15.
-82a288
What is -10000001101010101110 (base 2) in base 5?
-113443433
What is -11101010010011101110 (base 2) in base 6?
-32323102
What is -110110110100100010 (base 2) in base 9?
-372015
527245 (base 8) to base 16
2aea5
Convert 516116 (base 11) to base 12.
33b218
Convert 1528432 (base 9) to base 14.
180441
Convert 37125366 (base 8) to base 10.
8170230
21022002 (base 3) to base 8
12311
Convert 8a472 (base 11) to base 13.
47820
541bb (base 13) to base 8
450554
50354 (base 8) to base 4
11003230
Convert 290966 (base 14) to base 4.
11123132032
Convert 141110 (base 5) to base 15.
1aa5
Convert 2345140 (base 8) to base 5.
131013012
311643 (base 7) to base 10
53490
3242143310 (base 5) to base 9
14134082
935a9a (base 12) to base 16
2346d6
What is 3860b (base 13) in base 6?
2122444
What is 8733a (base 16) in base 3?
1001010122121
3130166 (base 11) to base 12
1a22436
What is -3db3a (base 15) in base 8?
-603210
Convert -1c7400 (base 16) to base 8.
-7072000
Convert -e826a7 (base 15) to base 14.
-1676d75
1443434342 (base 5) to base 12
1377184
Convert 3969587 (base 10) to base 6.
221025415
1656788 (base 9) to base 11
580981
1204267 (base 11) to base 14
3c90a2
42416b2 (base 12) to base 11
7086a18
ccbaa (base 13) to base 16
5a997
-223687 (base 9) to base 7
-1065406
What is -15118 (base 9) in base 4?
-2201000
What is -10015100 (base 7) in base 12?
-33abb8
-1076a3e (base 15) to base 8
-54707407
-13998365 (base 10) to base 11
-79a11a7
-3002011034 (base 5) to base 14
-ad501c
What is -465021 (base 9) in base 15?
-57b01
-9d980 (base 15) to base 6
-14430233
2418043 (base 10) to base 11
1401791
Convert -2527066 (base 9) to base 3.
-2120221002020
151a1a0 (base 12) to base 8
20220610
22444441 (base 8) to base 15
662740
What is -11101122220 (base 3) in base 6?
-1504253
-102210222121221 (base 3) to base 15
-8404da
-804bb1 (base 13) to base 3
-12121110100102
20201212000 (base 3) to base 14
36454
-746b73 (base 12) to base 3
-10110022121220
What is 4312a (base 12) in base 2?
10101100011110010
-132a858 (base 11) to base 16
-2311e1
Convert -225153 (base 6) to base 3.
-222110120
What is 1720a8 (base 14) in base 12?
332158
Convert -50556 (base 7) to base 14.
-469d
-e9886d (base 15) to base 12
-38808aa
Convert -532401 (base 7) to base 8.
-263731
-6b07b (base 12) to base 14
-3a435
What is -799a4 (base 12) in base 5?
-20141444
What is -141730 (base 12) in base 14?
-89cc4
145213325 (base 6) to base 8
13505425
32b25 (base 13) to base 2
10110011100111111
Convert -49b13 (base 13) to base 12.
-66784
Convert 3f68 (base 16) to base 9.
24235
What is a65ca4 (base 16) in base 15?
e55662
What is 13a350 (base 12) in base 15?
6765c
What is -3a784 (base 11) in base 9?
-87715
Convert 317560 (base 10) to base 4.
1031201320
Convert -e5b78 (base 15) to base 13.
-1c65c5
-7a1684 (base 11) to base 12
-516464
1111110001111100100 (base 2) to base 5
113021332
1412516 (base 7) to base 5
22010342
232230113 (base 4) to base 10
191255
117261 (base 8) to base 14
10b3b
What is -1616320 (base 9) in base 15?
-12ab56
-122010223 (base 4) to base 6
-2142231
What is 1321201211 (base 4) in base 9?
837722
What is -10110100010101100111 (base 2) in base 9?
-1345226
-1111111111011101111110 (base 2) to base 10
-4192126
What is 101111110010101 (base 2) in base 8?
57625
-2110222120220 (base 3) to base 5
-314142321
Convert -4738 (base 14) to base 5.
-344043
Convert -7d1a (base 15) to base 7.
-140323
What is 25024 (base 9) in base 11?
11683
Convert 110110111110000111 (base 2) to base 10.
225159
Convert -110000110222 (base 3) to base 4.
-321300002
a2327 (base 11) to base 8
443730
4b15 (base 14) to base 4
3031133
What is -257bb07 (base 13) in base 10?
-11736043
Convert 2460905 (base 13) to base 12.
3956142
What is -111101000001110 (base 2) in base 9?
-46767
What is -24311310 (base 5) in base 14?
-5d61d
Convert 1ca763 (base 14) to base 13.
29ca20
Convert -24003023 (base 5) to base 2.
-110101100000000010
-6525 (base 11) to base 7
-34061
12001200320 (base 4) to base 2
110000001100000111000
What is 2694a3 (base 12) in base 4?
2123311323
What is -310213112 (base 4) in base 13?
-77129
1011011100111101010 (base 2) to base 16
5b9ea
Convert -9a319 (base 16) to base 8.
-2321431
-138641 (base 9) to base 4
-110301133
What is -42e74 (base 16) in base 8?
-1027164
What is 5140525 (base 7) in base 9?
1136454
13413435 (base 6) to base 9
760505
1100071 (base 9) to base 11
373768
What is -199d53 (base 14) in base 10?
-910885
What is 313103102 (base 4) in base 10?
226514
Convert -402010102 (base 5) to base 12.
-64a82a
2102222 (base 5) to base 11
24074
Convert -1010101101001111001111 (base 2) to base 13.
-7736b9
Convert 5134002 (base 6) to base 5.
30331220
What is -100001030 (base 4) in base 12?
-31b78
What is -6cbb (base 15) in base 10?
-23126
-21024604 (base 7) to base 10
-1771207
361034 (base 8) to base 16
1e21c
131123212113 (base 4) to base 15
a25ed3
Convert -46523522 (base 8) to base 10.
-10135378
Convert -43eea (base 16) to base 12.
-115036
What is -be95e (base 16) in base 8?
-2764536
What is -1000100101011001111011 (base 2) in base 9?
-4208823
Convert 1132401 (base 9) to base 10.
611956
Convert 478ee (base 16) to base 9.
486048
Convert -232012012223 (base 4) to base 3.
-211201220121202
What is 30526510 (base 7) in base 8?
11613360
What is 220373 (base 8) in base 5?
4331404
Convert -12a90 (base 15) to base 9.
-100870
31002303223 (base 4) to base 9
6381441
16165 (base 10) to base 9
24151
-13416002 (base 7) to base 12
-5023ab
202100222211 (base 3) to base 8
1417061
Convert -101000010000010010111111 (base 2) to base 10.
-10552511
What is -740014 (base 10) in base 6?
-23505554
Convert -189623 (base 13) to base 5.
-124324342
-53755 (base 9) to base 2
-1000101100011001
What is -5f49 (base 16) in base 7?
-131055
Convert -1bba85 (base 14) to base 15.
-1491c6
-5355133 (base 7) to base 4
-2133102223
Convert -44110 (base 8) to base 4.
-10201020
-404030040 (base 5) to base 14
-304c6b
What is -110111110100110111 (base 2) in base 12?
-b03b3
Convert -229c59 (base 13) to base 16.
-c894f
What is -111302022 (base 4) in base 9?
-145350
4584987 (base 12) to base 11
75a7321
What is -5662d2 (base 15) in base 12?
-1469182
-3ab70 (base 12) to base 5
-10044111
Convert -25134220 (base 6) to base 5.
-201241024
43249b (base 12) to base 4
10003030313
Convert -13c1b74 (base 14) to base 2.
-100100101001111100101010
100101101110010011101 (base 2) to base 10
1236125
-1211718 (base 9) to base 11
-409a19
3334601 (base 7) to base 4
1210221032
Convert -88778 (base 12) to base 3.
-100012000202
What is 311021 (base 9) in base 7?
1365526
Convert 1211304 (base 5) to base 12.
11180
What is 7c8a8 (base 14) in base 6?
10301204
-26771 (base 11) to base 5
-2210233
What is -8821 (base 16) in base 4?
-20200201
-4432100 (base 8) to base 5
-301134044
-4f19b7 (base 16) to base 5
-2311341202
What is 101110000011110101000 (base 2) in base 5?
341244123
What is -13213602 (base 7) in base 9?
-2250050
-1020101120 (base 3) to base 16
-5f16
Convert -1111011110100101010 (base 2) to base 9.
-852641
311550 (base 9) to base 11
1169aa
What is 48106a1 (base 12) in base 2?
110101001111010011011001
What is 635014 (base 7) in base 9?
176517
454474 (base 9) to base 3
111211112111
762531 (base 8) to base 15
509b6
Convert 121121201021110 (base 3) to base 8.
41542044
What is -10610210 (base 7) in base 15?
-13497b
-433636 (base 7) to base 2
-10010100000000101
Convert 3002024300 (base 5) to base 14.
ad5574
What is -102021012210010 (base 3) in base 10?
-5987847
What is -414244 (base 8) in base 13?
-4a6b9
3242301323 (base 5) to base 2
11010101011100000101011
110002220201100 (base 3) to base 5
3121402201
c05ceb (base 15) to base 8
42654410
1072a9 (base 13) to base 8
1364115
What is 1102001102120 (base 3) in base 15?
ebdd0
-691c9 (base 13) to base 10
-191473
Convert -4979a1a (base 12) to base 9.
-28884404
71c74 (base 14) to base 3
111221000020
110110210211200 (base 3) to base 15
8ae409
-31010121 (base 4) to base 15
-10cd9
Convert 2395004 (base 10) to base 9.
4450285
Convert 488bb (base 12) to base 8.
277417
Convert -8a142 (base 11) to base 3.
-20122011020
What is -133311212131 (base 4) in base 2?
-11111110101100110011101
Convert -5356772 (base 11) to base 6.
-533545203
-68726a9 (base 11) to base 8
-55673730
What i